se 5
12300
What is -c1ab (base 15) in base 4?
-21332312
-6735 (base 8) to base 5
-103144
What is 19185 (base 10) in base 8?
45361
-11010000010011 (base 2) to base 6
-141415
What is -133013 (base 4) in base 3?
-2201202
Convert -55571 (base 9) to base 16.
-9037
-43453 (base 6) to base 5
-143014
22122 (base 7) to base 5
134203
Convert -1010111000001110 (base 2) to base 8.
-127016
Convert -303 (base 16) to base 2.
-1100000011
230334 (base 6) to base 10
19570
43245 (base 6) to base 5
142213
Convert -111001100100 (base 2) to base 15.
-1159
Convert -166 (base 11) to base 3.
-21011
Convert 574 (base 11) to base 10.
686
-141435 (base 6) to base 5
-411333
-1101102 (base 3) to base 6
-4402
What is 116 (base 9) in base 5?
341
What is 1010101110 (base 2) in base 14?
370
72a7 (base 14) to base 4
10310203
Convert 155 (base 10) to base 7.
311
What is -16581 (base 9) in base 4?
-2302111
What is -10212 (base 7) in base 8?
-4714
Convert 32310 (base 4) to base 13.
57c
What is 38591 (base 10) in base 12?
1a3bb
What is -2166 (base 7) in base 9?
-1060
What is -12170 (base 9) in base 15?
-2643
What is 65c (base 15) in base 6?
10353
What is -2417 (base 12) in base 14?
-1695
1254 (base 6) to base 16
142
-501 (base 12) to base 10
-721
Convert 883 (base 11) to base 6.
4523
28bd (base 14) to base 5
212343
94fd (base 16) to base 7
216125
5044 (base 13) to base 8
25441
Convert -8ba (base 14) to base 16.
-6c4
63624 (base 9) to base 13
161b6
What is 122001211 (base 3) in base 11?
9391
Convert -1500 (base 12) to base 15.
-ad3
What is 11011100 (base 2) in base 15?
ea
What is -1588 (base 9) in base 4?
-102332
What is 1e0 (base 16) in base 4?
13200
Convert 2241 (base 6) to base 14.
29b
1110012 (base 3) to base 15
4a8
Convert -12302 (base 4) to base 6.
-2002
Convert 42440 (base 5) to base 7.
11240
1158 (base 10) to base 9
1526
-111102 (base 4) to base 15
-60c
What is a408 (base 12) in base 2?
100010111001000
Convert 17432 (base 8) to base 3.
101220220
-13115 (base 8) to base 12
-3379
What is 40b (base 13) in base 16?
2af
Convert 9597 (base 12) to base 2.
100000000000011
184 (base 15) to base 9
427
What is 12223 (base 4) in base 6?
1551
What is -1001343 (base 6) in base 10?
-47007
Convert -549a (base 13) to base 5.
-334123
Convert -2241 (base 6) to base 12.
-381
What is 11010001000 (base 2) in base 12?
b74
What is -13412 (base 5) in base 10?
-1107
What is 5990 (base 16) in base 5?
1213203
Convert 13362 (base 11) to base 9.
28133
What is -2120001020 (base 3) in base 6?
-1025010
1100010011 (base 2) to base 9
1064
What is 54a7 (base 16) in base 3?
1002201122
What is 1349 (base 10) in base 2?
10101000101
What is -65d (base 15) in base 11?
-1098
What is -10011010100 (base 2) in base 16?
-4d4
Convert -1223111 (base 4) to base 5.
-204434
Convert -100101000011000 (base 2) to base 10.
-18968
4322 (base 5) to base 7
1466
Convert 465 (base 16) to base 9.
1480
-11ff (base 16) to base 4
-1013333
Convert -22323132 (base 4) to base 10.
-44766
What is -7926 (base 13) in base 11?
-117a3
What is 1101110011 (base 2) in base 11?
733
Convert -9ac (base 16) to base 14.
-c8c
Convert -2069 (base 12) to base 11.
-2726
f8 (base 16) to base 6
1052
1400a (base 12) to base 9
41841
What is -2858 (base 11) in base 12?
-2179
What is 4388 (base 16) in base 14?
642c
What is a37 (base 12) in base 8?
2713
Convert -13366 (base 7) to base 14.
-146d
Convert -1220222 (base 3) to base 10.
-1403
Convert -10232 (base 5) to base 2.
-1010110100
-5c84 (base 13) to base 3
-122222222
-112022000 (base 3) to base 8
-24266
-100111100001110 (base 2) to base 3
-1000202120
1c14 (base 13) to base 3
12211010
-721 (base 10) to base 4
-23101
ad5 (base 16) to base 13
1354
What is 1325 (base 14) in base 7?
12545
What is -27079 (base 10) in base 5?
-1331304
Convert 4095 (base 11) to base 2.
1010100110100
-120221 (base 3) to base 5
-3210
What is 141200 (base 6) in base 13?
6051
Convert -4143 (base 6) to base 10.
-927
What is 31982 (base 13) in base 10?
89507
What is 43444 (base 6) in base 13?
296b
Convert 4402 (base 5) to base 11.
4a8
Convert 21375 (base 10) to base 9.
32280
Convert 5220 (base 8) to base 11.
2039
What is -4503 (base 10) in base 6?
-32503
What is -114344 (base 5) in base 6?
-32045
Convert 6785 (base 10) to base 13.
311c
4a86 (base 11) to base 15
1e6d
Convert -102323 (base 6) to base 5.
-231311
What is -2002011012 (base 3) in base 13?
-15830
What is -20300210 (base 4) in base 13?
-13439
500 (base 9) to base 5
3110
Convert a2ab (base 16) to base 14.
11267
What is c3 (base 16) in base 7?
366
What is -315440 (base 7) in base 4?
-31113221
Convert 11632 (base 12) to base 16.
5b46
Convert -3d5c (base 16) to base 3.
-210112210
What is -7369 (base 10) in base 4?
-1303021
Convert -41a (base 16) to base 13.
-62a
Convert 733 (base 15) to base 2.
11001010111
-1c53 (base 13) to base 16
-10c5
Convert -12697 (base 10) to base 12.
-7421
5e65 (base 16) to base 2
101111001100101
-130011 (base 5) to base 3
-20212102
-60b (base 16) to base 3
-2010022
What is 202121 (base 3) in base 7?
1423
Convert 32022 (base 4) to base 16.
38a
What is 1004001 (base 5) in base 14?
5c3c
Convert -852 (base 11) to base 8.
-2001
2455 (base 6) to base 4
21203
What is -21163 (base 7) in base 16?
-1477
26799 (base 10) to base 4
12202233
-12789 (base 11) to base 6
-220251
Convert 23120 (base 5) to base 4.
121330
What is -a65a (base 12) in base 8?
-43446
What is -33134 (base 7) in base 12?
-4982
2000212 (base 3) to base 5
21411
Convert 47060 (base 9) to base 15.
9486
What is 22940 (base 10) in base 16?
599c
What is 241122 (base 6) in base 11?
14863
210133 (base 4) to base 10
2335
What is -127 (base 9) in base 8?
-152
What is -121 (base 9) in base 13?
-79
What is -321 (base 16) in base 9?
-1080
What is -2021 (base 11) in base 5?
-41220
10110011010111 (base 2) to base 11
8696
What is 1106 (base 10) in base 11?
916
-122012012 (base 3) to base 10
-12533
-3ba3 (base 15) to base 13
-5a60
Convert -3800 (base 14) to base 10.
-9800
Convert a79 (base 11) to base 15.
5b6
Convert -576 (base 9) to base 16.
-1da
What is -51431 (base 8) in base 6?
-242253
-25cc (base 14) to base 7
-25245
What is 16612 (base 7) in base 12?
290a
-57805 (base 9) to base 2
-1001011010100001
Convert 673 (base 14) to base 15.
5a2
12011121 (base 3) to base 12
2221
What is 6294 (base 13) in base 15?
4096
Convert 1560 (base 9) to base 14.
60c
What is -1054410 (base 6) in base 13?
-1b855
Convert -111201120 (base 3) to base 5.
-310010
What is 441 (base 6) in base 8?
251
Convert 445052 (base 6) to base 8.
111030
-d1 (base 16) to base 15
-de
-3811 (base 9) to base 12
-1791
What is -14e6 (base 15) in base 9?
-6140
What is -3141 (base 6) in base 3?
-222021
Convert -1163 (base 8) to base 14.
-32b
41531 (base 6) to base 12
32a7
Convert -14720 (base 8) to base 10.
-6608
-484 (base 9) to base 15
-1ba
Convert -150 (base 8) to base 6.
-252
47231 (base 8) to base 13
920a
Convert -6195 (base 10) to base 7.
-24030
What is -40331 (base 6) in base 11?
-3a99
Convert -9b (base 16) to base 5.
-1110
Convert -1473 (base 11) to base 14.
-995
What is -776 (base 14) in base 4?
-113010
What is 1742 (base 11) in base 4?
202300
Convert -3243 (base 13) to base 3.
-100120200
What is 10034 (base 7) in base 14?
c54
What is 11024 (base 5) in base 3?
1001022
What is 62d (base 14) in base 3?
1200002
Convert -3345 (base 6) to base 8.
-1421
Convert 610 (base 7) to base 9.
364
What is -6112 (base 9) in base 10?
-4466
What is -20212 (base 6) in base 12?
-1668
Convert -156401 (base 7) to base 2.
-111100101011011
204413 (base 5) to base 9
10360
Convert -6a85 (base 11) to base 13.
-42c7
Convert 23263 (base 8) to base 9.
14527
Convert 11278 (base 9) to base 12.
442b
Convert -1b82 (base 15) to base 11.
-453a
87b2 (base 12) to base 14
5650
-1025 (base 9) to base 6
-3252
6956 (base 13) to base 3
202021012
1035 (base 16) to base 6
31113
-3022 (base 5) to base 7
-1062
Convert 115 (base 6) to base 3.
1202
-504 (base 6) to base 14
-d2
9365 (base 16) to base 2
1001001101100101
Convert -335c (base 16) to base 5.
-410043
Convert -499 (base 11) to base 13.
-367
Convert 5a7 (base 11) to base 13.
437
What is -11303 (base 5) in base 3?
-1010200
763c (base 15) to base 16
61c8
Convert -101111010111011 (base 2) to base 5.
-1234001
b4c (base 13) to base 6
12523
Conver